 g is divided by i.
5
Let p = 22 + -11. Let i = p - 15. Calculate the remainder when 2/i - (-69)/6 is divided by 6.
5
Suppose 3*z + 10 = 52. What is the remainder when 8 is divided by z/4 - 1/2?
2
What is the remainder when 117 is divided by -1*8/6*-30?
37
Let h = 69 + -50. Let o = 7 + 49. Calculate the remainder when o is divided by h.
18
Let h(k) = 4*k - 8. Calculate the remainder when h(3) is divided by 2.
0
Suppose 5*n - 43 = 22. Calculate the remainder when 22/1 + 3 + -1 is divided by n.
11
Suppose t - 6*y = -2*y + 20, 4 = -t - 4*y. Let u be 3/(6/16) + -1. Let v(a) = 2*a + 9. Calculate the remainder when v(u) is divided by t.
7
Let j = -3 + 5. Suppose 2*m - 56 = -j*z - z, 0 = -5*m + 2*z + 102. Calculate the remainder when 43 is divided by m.
21
Suppose 4*i + 26 = 5*k + 7, 20 = 5*i. Let s be (-12)/54 + 2/9. Suppose 3*w - k*w = s, -h + w = -3. Calculate the remainder when 7 is divided by h.
1
Let o(n) = -n**2 + 4*n - 1. Let g be o(3). Suppose g*p - 8 = 2. What is the remainder when p is divided by 4?
1
Suppose -5*f = -v - 3*v - 132, 48 = 2*f - 4*v. Suppose 2*j + 4*p = -j + 4, p - 1 = 5*j. Let n(a) = -a + 10. Calculate the remainder when f is divided by n(j).
8
Let n be ((-21)/(-14))/(1/2). Suppose -4*z - n*m + 51 = -2*m, 4*m = 3*z - 24. Suppose 3*c + 13 = 82. What is the remainder when c is divided by z?
11
Let n(l) = -l + 8. Let m be n(6). Suppose a - 15 = -m*a. Suppose -5*c + 53 = 3*i, 0*i + 4*i - 69 = -a*c. What is the remainder when 31 is divided by i?
15
Suppose 4*i + 10 = -2*n, i - 12 - 3 = -4*n. Calculate the remainder when 45 is divided by (-1)/n - (-464)/20.
22
Let m = 3 - 3. Suppose m*y = -4*y + 8. Suppose 40 = 3*x + y*x. Calculate the remainder when x is divided by 5.
3
Suppose -a - 4*a + 75 = 0. Let h = 51 - 23. What is the remainder when h is divided by a?
13
Let f(d) = d**2 - 6*d + 6. Calculate the remainder when 2 is divided by f(5).
0
Suppose 4*m - 2*x = -6, -2*m + 2*x + 15 = -5*m. Let h be m*(52/6 + -1). Let p = -15 - h. What is the remainder when 23 is divided by p?
7
Let n(g) = g**3 + 5*g**2 + 2*g + 4. Suppose 0 = -f - h - 5, f = 2*h + 2*h. What is the remainder when 46 is divided by n(f)?
10
Let j(b) = -17*b + 6. Let y(g) = 4*g + 7. Let r be y(7). Suppose 4*q = r + 25. Calculate the remainder when j(-3) is divided by q.
12
Suppose 4*s - 3*t + 15 = 0, 5*t + 6 = -9. Let z be (-6)/((-3)/s - -1). What is the remainder when (-119)/(-4) + (-1)/z is divided by 11?
8
Suppose -2*x + 6 = -10. What is the remainder when x is divided by 3?
2
Suppose s + 90 = 6*s. What is the remainder when s is divided by 5?
3
Suppose -2*u = -n + 38, 0*n = -3*u - 3*n - 48. Calculate the remainder when (80/(-32))/(1/u) is divided by 16.
13
Suppose 0 = -6*f + 3*f + 18. Suppose 4 = -4*s + 12. Suppose 4*y - s*r = 94, 3*y - r = -26 + 94. What is the remainder when y is divided by f?
3
Suppose 3*j - 220 = 7*j. Calculate the remainder when (6/(-10))/(1/j) is divided by 18.
15
Let z(x) = -x**3 - 5*x**2 + 5. Suppose -2*r + 72 = 4*c, -2*r - 5 = -2*c + 37. What is the remainder when c is divided by z(-5)?
4
Let m(c) = 14*c - 4. Suppose -2*k + 144 = 2*k. What is the remainder when k is divided by m(1)?
6
Let l be 626/(-13) - 4/(-26). Let p = l + 98. Calculate the remainder when p is divided by 26.
24
Let v(d) = 41*d + 1. Let p be 2/8 - (-3)/4. Let o be v(p). Let t = 59 - o. What is the remainder when 49 is divided by t?
15
Suppose 0 = -2*p - 0*p - 5*l + 28, -l + 44 = 2*p. What is the remainder when 92 is divided by p?
20
Suppose 0*o - 4*u = 3*o - 111, -29 = -o - 4*u. What is the remainder when o is divided by 22?
19
Suppose -4*y + 1 - 5 = 0. Let v be (-4 - -21)*(4 + y). Suppose 5*j - v = 74. What is the remainder when j is divided by 13?
12
What is the remainder when 194 is divided by 13 - 9 - (-1 - 44)?
47
Let k = 95 - 50. Suppose 0*h + 5*h = k. Let o = -30 + 65. Calculate the remainder when o is divided by h.
8
Suppose -2*h = 5*q - 10*q - 299, q + 5 = 0. What is the remainder when h is divided by 28?
25
Suppose 26 = 2*c - 5*j, 2*c + 0*c = -2*j + 40. Calculate the remainder when c is divided by 2.
0
Suppose -2*d + 24 = -72. Let n = d - 31. Calculate the remainder when 49 is divided by n.
15
Let r(m) = m**2 - 1. Let y(d) = 4*d**2 - 11*d - 1. Let x(o) = -5*r(o) + y(o). Calculate the remainder when x(-10) is divided by 8.
6
Let p(x) = x**2 - 3*x + 2. Let n(o) = -o**3 - 3*o**2 + 3*o. What is the remainder when n(-5) is divided by p(5)?
11
Suppose 0 = 5*s + 4*b - 187, 119 = 3*s - 0*b - b. What is the remainder when s is divided by 8?
7
Calculate the remainder when 117 is divided by (-2)/55*5 - 332/(-11).
27
Suppose 0 = 7*b + 75 - 453. What is the remainder when b is divided by 8?
6
Suppose -18 = -m - 6. Suppose 2*x = -2*x - m. Let g(l) = l**3 + 4*l**2 + l + 1. Calculate the remainder when 12 is divided by g(x).
5
Let j = 37 + -31. Let a(h) = 7*h**2 + h + 2. Let x be a(-2). Suppose 3*k - 5 = x. What is the remainder when k is divided by j?
5
Let n(t) = t**3 + t**2 - t + 34. Let c(r) = r**2 - 7*r - 9. Let k be c(7). Let p = 21 + k. Calculate the remainder when n(0) is divided by p.
10
Let y(f) = -5*f. Let n(q) = -q - 11. Let u be n(-8). Calculate the remainder when 44 is divided by y(u).
14
Let t = 6 - 2. Suppose -22 = t*f - 110. Calculate the remainder when f is divided by 8.
6
Let y = -141 + 94. Suppose 12 - 80 = -4*o. Let l = o - y. Calculate the remainder when l is divided by 22.
20
Let j = 69 + -38. Let b = 10 - -1. Calculate the remainder when j is divided by b.
9
Let s be (-2)/1 + 4 + 56. Suppose 5*f - 3*f = s. Suppose j = 2*j - f. Calculate the remainder when j is divided by 15.
14
Calculate the remainder when (2/3)/(3/9) is divided by 1.
0
Let u(l) = 13*l - 3. What is the remainder when 38 is divided by u(1)?
8
Suppose -m = 5*y + 1, 5*y + 0 = m + 1. Suppose -4*o + 85 + 91 = 0. Suppose 5*p - o - 1 = -5*g, y = -5*g + 20. What is the remainder when 7 is divided by p?
2
Let k = 7 + -11. Let g = k - -31. Calculate the remainder when 78 is divided by g.
24
Suppose -13*o = -16*o + 165. Calculate the remainder when o is divided by 21.
13
Suppose -61 - 13 = -2*i - 5*x, 4*i + 5*x - 148 = 0. Let d = i + -19. What is the remainder when d is divided by 5?
3
Let d(o) = -o**3 + 6*o**2 + 6*o + 10. Suppose 2*l = -2*k - 9 + 33, -5*l = -5*k - 10. Calculate the remainder when l is divided by d(7).
1
Let w(b) = 3*b**2 - 2*b - 2. What is the remainder when w(2) is divided by 2?
0
Let b be (-36)/(-10) - (-2)/5. Suppose 0 = -b*q - 5*m + 22, -2*q + 2*m + 8 = 3*m. Calculate the remainder when 5 is divided by q.
2
Let x(t) = -3*t + 3. Calculate the remainder when x(-6) is divided by 3.
0
Suppose -3*i + 0*i = -9. Calculate the remainder when (-76)/(-10) + 9/(-15) is divided by i.
1
Let a(i) = 10 - 7 + i**2 + 2*i + i**2. Calculate the remainder when a(-5) is divided by 23.
20
Let p(t) = 3*t**3 + 2*t - 3. Let f be p(2). Suppose 0 = 3*u - 23 - f. What is the remainder when u is divided by (3/(-4))/((-1)/8)?
4
Let u = 2 - 2. Suppose u = -3*z + z + 110. What is the remainder when z is divided by 14?
13
Let q(g) = 3*g**2 - 6*g + 5. Suppose 0*k + k - 13 = 0. Calculate the remainder when q(5) is divided by k.
11
Let v = 0 + 2. Let f(x) = 9 - x - 4 - 4*x**v + 2*x + x**3. Calculate the remainder when 16 is divided by f(4).
7
Let z(c) = c**3 + 5*c**2 - 2*c - 4. Calculate the remainder when (-1175)/(-20) - (-2)/8 is divided by z(-3).
19
Let g = 34 - 8. Calculate the remainder when g is divided by 9.
8
Let y = 13 - 23. Let r = y + 21. Calculate the remainder when 18 is divided by r.
7
Suppose 0 = r + q - 13, 2*q + 21 = r + q. What is the remainder when r is divided by 6?
5
Let n(x) = -x + 117. Calculate the remainder when n(0) is divided by 24.
21
Suppose 5*k - 3*k = 3*h + 61, 5*k - 2*h = 136. Calculate the remainder when 179 is divided by k.
23
Suppose 5 = -0*u + u. Suppose 0 = u*j - 284 - 31. What is the remainder when j is divided by 16?
15
Let j(z) = z**3 + z**2 + 2*z + 8. Suppose -2*c = y - 42, 5*y + 59 = 4*c - 25. What is the remainder when c is divided by j(0)?
5
Suppose -3*j + 22 = -j. Suppose 3*n - 102 = -2*r, 5*n - j = r - 62. Calculate the remainder when r is divided by (-1840)/(-144) + 2/9.
12
Let p be 4 - 2 - (-2)/2. Suppose -p*s + 26 = -7. Suppose -4*g + 4*z = -12, -1 = z - 4. Ca